54. Let l = m + b. What is the tens digit of l?
2
What is the tens digit of (1 + -2)/(59/(-49029))?
3
Let h(y) = 6*y**3 + 5*y**2 - 7*y + 8. What is the units digit of h(5)?
8
Let h(s) = -s**3 + 8*s**2 - 3*s + 2. Let q = 29 - 21. Let a be h(q). Let m = a + 62. What is the tens digit of m?
4
Let x = -55 - -103. Suppose x = -a + 7. Let h = a + 79. What is the units digit of h?
8
Suppose 18*w = 49322 + 8746. What is the units digit of w?
6
Let n(p) = -p**2 - 5*p + 7. Let u be n(-8). Let b = 19 + u. Suppose -22 = -a + b. What is the units digit of a?
4
Let c = 659 - 139. What is the units digit of c?
0
Suppose -164 + 486 = 2*a. What is the tens digit of a?
6
Suppose -29*b + 17255 = -22446. What is the units digit of b?
9
Suppose 37 = -4*q + 173. Suppose 0 = -3*y + 12, -s + 126 = 2*s + 3*y. Suppose -q - s = -2*k. What is the tens digit of k?
3
Suppose -2*c = -5*d + 9423, -5*c = 3*d - 3340 - 2289. What is the hundreds digit of d?
8
Let i(c) = 2*c**2 + 5*c - 4. Let x be i(6). Let h = 184 - x. Suppose -39 - h = -5*t. What is the tens digit of t?
2
Let l = 1 - -133. What is the units digit of l?
4
Suppose -5*l - 4*v + 6 = 13, 5*l = -3*v - 4. Let k be 10/5 + 3*l. Suppose -4*q + 185 = k*n + q, -120 = -4*n + 3*q. What is the tens digit of n?
3
Suppose -4*w = 9*w - 10*w. Suppose w = 4*q - q - 825. What is the tens digit of q?
7
Suppose 2*y = -o + 9 + 28, -15 = -5*o. Let v = -15 + y. Suppose 0 = v*j + 1 - 13. What is the units digit of j?
6
Let s = 1296 - 834. Suppose 5*v - s = -r - r, -2*v + 5*r = -179. What is the units digit of v?
2
Let q = 5103 + -3276. What is the units digit of q?
7
Let j(f) = -10*f + 22. Let n(d) = -1. Let z(u) = -2*j(u) - 2*n(u). What is the tens digit of z(7)?
9
Let x(t) = -t**3 + 10*t**2 + 6*t + 11. Let d be x(11). Let z = d + 80. Suppose -2*g + 56 = -z. What is the tens digit of g?
4
Let p = 3017 + -2143. What is the units digit of p?
4
Suppose 3*w - 43 = 2*h, -25 = -5*w + 2*h + 44. Let y = -15 + w. What is the units digit of 16 + (y - (1 + -6))?
9
Let d = 96 + -91. What is the units digit of d - 257/3*-3?
2
Let p = 106 + 848. What is the units digit of p?
4
Suppose 0 = 2*q - 0*q + 5*y + 25, 20 = -5*q - 4*y. Let v(x) = 64*x - 134*x + 40 + 72*x. What is the units digit of v(q)?
0
Suppose 0 = 3*r + 4*n + 6, -r + n + 2 + 3 = 0. Suppose -330 = -4*b - 2*c, -r*c + 95 = b + c. What is the tens digit of b?
8
Suppose -24 = -3*p + 4*c, -p + 3*p - 4*c = 20. Let n be (-812)/70 - p/10. Let m(h) = h**2 + 10*h + 9. What is the units digit of m(n)?
3
Suppose -9 = -3*v - 3*t, -9*v = -4*v - 4*t + 12. Suppose u + 9 = 4*u. Suppose u*o - 7*o + 4 = v. What is the units digit of o?
1
Suppose 4*w - 2*u = 98, 0 = -w + 5*w - u - 99. Suppose -6*m + 5*m = 17. Let q = w - m. What is the units digit of q?
2
Suppose 362*t - 369*t + 18592 = 0. What is the tens digit of t?
5
Let t(d) = d**3 + 3*d**2 - 1. Let j be t(-2). Let o be (-24)/(-5) + j/15. Suppose -2*c = -3*g + 185, 0 = -2*g - o*c + 12 + 86. What is the tens digit of g?
5
Let w be ((1 - -3) + 0)*(-70)/8. Let j = w + 43. What is the units digit of j?
8
Let t(b) = 4*b + 2. Let f be t(0). Suppose -5*o + 54 = -f*o. What is the units digit of o?
8
Let m = 247 - 172. Suppose -m = -8*g + 5*g. What is the units digit of (g/(-3))/(11/(-33))?
5
Suppose -6*s + 8*s - 7608 = 5*v, -15272 = -4*s - 4*v. What is the hundreds digit of s?
8
Suppose -o + 2*y - 1 = 0, -3*o + 15 = 2*y + y. What is the tens digit of ((-45)/12 + o)/((-4)/480)?
9
Suppose 3*q = 4*u + 7, 2*q - 5 = 2*u + 1. What is the units digit of u/(-6)*249/(-1)?
3
What is the units digit of ((-3540)/(-90))/(0 - (-2)/3)?
9
Let n be (34/(-51))/(4/18). Let z(r) = -35*r - 15. What is the units digit of z(n)?
0
Suppose -6*w = -2*w + 76. Let l = -19 - w. Let a = l - -15. What is the units digit of a?
5
What is the hundreds digit of (-16698)/(-55) + 12/(-20)?
3
Suppose z + 4*w + 13967 = 6*z, -4*z - 2*w + 11158 = 0. What is the hundreds digit of z?
7
Suppose 0 = 5*k - t - 2913, 5*t + 2911 = 5*k + 3*t. Suppose -4*s + k = -29. What is the units digit of s?
3
Let z be ((-8)/10)/((-20)/1150). Suppose -235 + 56 = -5*k - 3*b, k - z = -4*b. Suppose -4*y = -2*y - k. What is the units digit of y?
7
Let f(d) = 7*d + 4. Let k = 0 - -8. What is the tens digit of f(k)?
6
Let x = 87 - -149. Suppose 0*s = 4*s - x. What is the units digit of s?
9
Let l = 1335 - 171. What is the thousands digit of l?
1
Let d(f) = f**2 + 5*f - 8. Suppose -r + 4 = 11. Let h be d(r). Let o(w) = -w**3 + 8*w**2 - 5*w - 7. What is the units digit of o(h)?
5
Let u = 35 + -21. Suppose -5*v = u - 169. What is the tens digit of v?
3
Let a be (4/(-3))/(-2)*(3 + -9). What is the units digit of a - (-2 + 2 + -136)?
2
Suppose 3*x - 15*v + 10*v = 1653, -x + 551 = -v. What is the units digit of x?
1
Suppose 22777 = 14*l - 22373. What is the units digit of l?
5
Let q(j) = -13*j - 12. Let w be q(-11). Suppose 0 = -s + g + 70, -2*s + w = g - 6*g. What is the units digit of s?
3
What is the hundreds digit of ((-264)/55)/(2/860*-3)?
6
Let v = 3 + -4. What is the hundreds digit of 219/2 + v + (-13)/26?
1
Suppose 0*u = -7*u + 49. Suppose 5*j - 837 = 2*o, -j - u*o + 5*o = -165. What is the tens digit of j?
6
Suppose -3*j + 3*g + 21 = -0*g, -27 = -5*j + 3*g. Suppose 3*a = 4*p + 7*a + 56, j*a + 57 = -4*p. Let t = -8 - p. What is the units digit of t?
7
What is the tens digit of 3 - (7436/(-9) - 18/(-81))?
2
Let v(g) be the first derivative of 2*g**2 - 9*g + 1. Let k be v(-6). Let h = -7 - k. What is the tens digit of h?
2
Let f(o) = o**2 - 2*o + 1. Suppose 4*s - 10 = 14. Let w be f(s). Suppose h - 5 = g - 38, 5*h + w = g. What is the tens digit of g?
3
Let x(z) = 7*z**2 + 16*z - 28. What is the tens digit of x(5)?
2
Let u(f) = 8 + 3*f**2 - 10*f**2 - 11*f + 2*f**2 + f**3. Let c(p) = -p + 2. Let l be c(-5). What is the units digit of u(l)?
9
Let a be 6 - 1/((-3)/(-6)). Suppose -3*c - 2*c + 4*y + 52 = 0, -2*y = -a. Suppose 84 - c = 3*o. What is the units digit of o?
4
Suppose 1460 = 20*c - 10*c. What is the tens digit of c?
4
Suppose 12*a = 91*a - 206743. What is the thousands digit of a?
2
Let n(z) = -5*z - 2. Let v be n(-1). What is the units digit of 60/v - (-4)/4?
1
Let j(r) = -r**2 + 14. Let k(w) = -2*w - 8. Let h be k(-4). Let g be j(h). Let a = g - 12. What is the units digit of a?
2
Suppose 4*y - 16 = -3*m - m, 0 = 5*y - 5*m - 10. Suppose -258 - 57 = -y*v. What is the units digit of v?
5
Let z(d) = 60*d**2 - 13. What is the hundreds digit of z(3)?
5
Let o = 3080 + -1898. What is the tens digit of o?
8
Let h(w) = w**3 - 10*w**2 - 12*w + 13. Let r = -10 - -14. Suppose r*u = -3*a + 45, 0 = -4*a - 0*u + 4*u + 32. What is the units digit of h(a)?
2
Let f(k) = -3*k**3 - 6*k**2 - 28*k + 23. What is the thousands digit of f(-10)?
2
What is the tens digit of 5 + 1 + 618/1?
2
What is the hundreds digit of 0/(-2) + (-1)/(3/(-1569))?
5
Let j = 94 - 116. What is the tens digit of (40/(-180) - j/18) + 168?
6
What is the units digit of 790 - (0 + 2 + 2)?
6
Let a = -3101 - -4408. What is the thousands digit of a?
1
Suppose p + 0*p = -6. Let u(q) = 7*q + 2. Let b(i) = 6*i + 2. Let r(k) = p*b(k) + 5*u(k). What is the units digit of r(-6)?
4
Let v(n) = -37*n + 9. Let t(r) = -56*r + 13. Let g(x) = 5*t(x) - 8*v(x). What is the tens digit of g(5)?
7
Suppose -6187 = -15*s + 1118. What is the hundreds digit of s?
4
Let m(q) = 6*q**2 - 2*q + 3. Let x be m(-3). Suppose 58 = 21*z + 16. Suppose 0 = -3*o - z*c + 181, -o - c - c = -x. What is the units digit of o?
9
Let h(v) = -v**2 - 75*v + 358. What is the hundreds digit of h(-72)?
5
Suppose -763 = -w + 4*g, -3*w - 313 + 2662 = 3*g. What is the units digit of w?
9
Let h(g) = 14*g**2 - g + 8. What is the tens digit of h(-5)?
6
Let d = -45 + 20. Let q = -53 - d. Let w = 47 + q. What is the units digit of w?
9
Let r(p) = -p**3 + 7*p**2 + 9*p - 8. Suppose -2*q + 95 = -7*q. Let h be (q - -33)/(2 + 0). What is the tens digit of r(h)?
5
Let h(z) = 7*z - 8. Let a(y) = 8*y - 7. Let q(x) = -3*a(x) + 4*h(x). Let j be q(6). Suppose -10 - j = -l + 2*s, -s - 142 = -5*l. What is the units digit of l?
9
Suppose 4*g - 9 = 3*d + 41, 0 = -4*g - 5*d + 34. Suppose 3*l - 153 = -2*b - g, 0 = 4*b - 20. What is the tens digit of l?
4
Let p = -39 + 61. Suppose p*q = 15*q + 518. What is the tens digit of q?
7
What is the 